{"id":25,"date":"2025-01-10T22:24:37","date_gmt":"2025-01-10T22:24:37","guid":{"rendered":"https:\/\/nexusmartec.com\/?page_id=25"},"modified":"2025-01-10T22:24:37","modified_gmt":"2025-01-10T22:24:37","slug":"contacto","status":"publish","type":"page","link":"https:\/\/nexusmartec.com\/index.php\/contacto\/","title":{"rendered":"Contacto"},"content":{"rendered":"\n<p>Esta es una p\u00e1gina con informaci\u00f3n de contacto b\u00e1sica, como la direcci\u00f3n y el n\u00famero de tel\u00e9fono. Incluso puedes probar un plugin para a\u00f1adir un formulario de contacto.<\/p>\n\n<p>Crea tu <a href=\"https:\/\/nexusmartec.com\/wp-admin\/admin.php?page=wpforms-overview\" target=\"_blank\" rel=\"noopener noreferrer\">formulario de contacto<\/a> con WPForms en minutos.<\/p>\n","protected":false},"excerpt":{"rendered":"<p>Esta es una p\u00e1gina con informaci\u00f3n de contacto b\u00e1sica, como la direcci\u00f3n y el n\u00famero de tel\u00e9fono. Incluso puedes probar un plugin para a\u00f1adir un formulario de contacto. Crea tu formulario de contacto con WPForms en minutos.<\/p>\n","protected":false},"author":1,"featured_media":20,"parent":0,"menu_order":0,"comment_status":"closed","ping_status":"closed","template":"","meta":{"footnotes":""},"class_list":["post-25","page","type-page","status-publish","has-post-thumbnail","hentry"],"yoast_head":"<!-- This site is optimized with the Yoast SEO plugin v24.2 - https:\/\/yoast.com\/wordpress\/plugins\/seo\/ -->\n<title>Contacto - Nexus<\/title>\n<meta name=\"robots\" content=\"index, follow, max-snippet:-1, max-image-preview:large, max-video-preview:-1\" \/>\n<link rel=\"canonical\" href=\"https:\/\/nexusmartec.com\/index.php\/contacto\/\" \/>\n<meta property=\"og:locale\" content=\"es_ES\" \/>\n<meta property=\"og:type\" content=\"article\" \/>\n<meta property=\"og:title\" content=\"Contacto - Nexus\" \/>\n<meta property=\"og:description\" content=\"Esta es una p\u00e1gina con informaci\u00f3n de contacto b\u00e1sica, como la direcci\u00f3n y el n\u00famero de tel\u00e9fono. Incluso puedes probar un plugin para a\u00f1adir un formulario de contacto. Crea tu formulario de contacto con WPForms en minutos.\" \/>\n<meta property=\"og:url\" content=\"https:\/\/nexusmartec.com\/index.php\/contacto\/\" \/>\n<meta property=\"og:site_name\" content=\"Nexus\" \/>\n<meta property=\"og:image\" content=\"https:\/\/nexusmartec.com\/wp-content\/uploads\/2025\/01\/espresso-2.jpg\" \/>\n\t<meta property=\"og:image:width\" content=\"2000\" \/>\n\t<meta property=\"og:image:height\" content=\"1200\" \/>\n\t<meta property=\"og:image:type\" content=\"image\/jpeg\" \/>\n<meta name=\"twitter:card\" content=\"summary_large_image\" \/>\n<script type=\"application\/ld+json\" class=\"yoast-schema-graph\">{\"@context\":\"https:\/\/schema.org\",\"@graph\":[{\"@type\":\"WebPage\",\"@id\":\"https:\/\/nexusmartec.com\/index.php\/contacto\/\",\"url\":\"https:\/\/nexusmartec.com\/index.php\/contacto\/\",\"name\":\"Contacto - Nexus\",\"isPartOf\":{\"@id\":\"https:\/\/nexusmartec.com\/#website\"},\"primaryImageOfPage\":{\"@id\":\"https:\/\/nexusmartec.com\/index.php\/contacto\/#primaryimage\"},\"image\":{\"@id\":\"https:\/\/nexusmartec.com\/index.php\/contacto\/#primaryimage\"},\"thumbnailUrl\":\"https:\/\/nexusmartec.com\/wp-content\/uploads\/2025\/01\/espresso-2.jpg\",\"datePublished\":\"2025-01-10T22:24:37+00:00\",\"dateModified\":\"2025-01-10T22:24:37+00:00\",\"breadcrumb\":{\"@id\":\"https:\/\/nexusmartec.com\/index.php\/contacto\/#breadcrumb\"},\"inLanguage\":\"es\",\"potentialAction\":[{\"@type\":\"ReadAction\",\"target\":[\"https:\/\/nexusmartec.com\/index.php\/contacto\/\"]}]},{\"@type\":\"ImageObject\",\"inLanguage\":\"es\",\"@id\":\"https:\/\/nexusmartec.com\/index.php\/contacto\/#primaryimage\",\"url\":\"https:\/\/nexusmartec.com\/wp-content\/uploads\/2025\/01\/espresso-2.jpg\",\"contentUrl\":\"https:\/\/nexusmartec.com\/wp-content\/uploads\/2025\/01\/espresso-2.jpg\",\"width\":2000,\"height\":1200},{\"@type\":\"BreadcrumbList\",\"@id\":\"https:\/\/nexusmartec.com\/index.php\/contacto\/#breadcrumb\",\"itemListElement\":[{\"@type\":\"ListItem\",\"position\":1,\"name\":\"Portada\",\"item\":\"https:\/\/nexusmartec.com\/\"},{\"@type\":\"ListItem\",\"position\":2,\"name\":\"Contacto\"}]},{\"@type\":\"WebSite\",\"@id\":\"https:\/\/nexusmartec.com\/#website\",\"url\":\"https:\/\/nexusmartec.com\/\",\"name\":\"Nexus\",\"description\":\"\",\"potentialAction\":[{\"@type\":\"SearchAction\",\"target\":{\"@type\":\"EntryPoint\",\"urlTemplate\":\"https:\/\/nexusmartec.com\/?s={search_term_string}\"},\"query-input\":{\"@type\":\"PropertyValueSpecification\",\"valueRequired\":true,\"valueName\":\"search_term_string\"}}],\"inLanguage\":\"es\"}]}<\/script>\n<!-- \/ Yoast SEO plugin. -->","yoast_head_json":{"title":"Contacto - Nexus","robots":{"index":"index","follow":"follow","max-snippet":"max-snippet:-1","max-image-preview":"max-image-preview:large","max-video-preview":"max-video-preview:-1"},"canonical":"https:\/\/nexusmartec.com\/index.php\/contacto\/","og_locale":"es_ES","og_type":"article","og_title":"Contacto - Nexus","og_description":"Esta es una p\u00e1gina con informaci\u00f3n de contacto b\u00e1sica, como la direcci\u00f3n y el n\u00famero de tel\u00e9fono. Incluso puedes probar un plugin para a\u00f1adir un formulario de contacto. Crea tu formulario de contacto con WPForms en minutos.","og_url":"https:\/\/nexusmartec.com\/index.php\/contacto\/","og_site_name":"Nexus","og_image":[{"width":2000,"height":1200,"url":"https:\/\/nexusmartec.com\/wp-content\/uploads\/2025\/01\/espresso-2.jpg","type":"image\/jpeg"}],"twitter_card":"summary_large_image","schema":{"@context":"https:\/\/schema.org","@graph":[{"@type":"WebPage","@id":"https:\/\/nexusmartec.com\/index.php\/contacto\/","url":"https:\/\/nexusmartec.com\/index.php\/contacto\/","name":"Contacto - Nexus","isPartOf":{"@id":"https:\/\/nexusmartec.com\/#website"},"primaryImageOfPage":{"@id":"https:\/\/nexusmartec.com\/index.php\/contacto\/#primaryimage"},"image":{"@id":"https:\/\/nexusmartec.com\/index.php\/contacto\/#primaryimage"},"thumbnailUrl":"https:\/\/nexusmartec.com\/wp-content\/uploads\/2025\/01\/espresso-2.jpg","datePublished":"2025-01-10T22:24:37+00:00","dateModified":"2025-01-10T22:24:37+00:00","breadcrumb":{"@id":"https:\/\/nexusmartec.com\/index.php\/contacto\/#breadcrumb"},"inLanguage":"es","potentialAction":[{"@type":"ReadAction","target":["https:\/\/nexusmartec.com\/index.php\/contacto\/"]}]},{"@type":"ImageObject","inLanguage":"es","@id":"https:\/\/nexusmartec.com\/index.php\/contacto\/#primaryimage","url":"https:\/\/nexusmartec.com\/wp-content\/uploads\/2025\/01\/espresso-2.jpg","contentUrl":"https:\/\/nexusmartec.com\/wp-content\/uploads\/2025\/01\/espresso-2.jpg","width":2000,"height":1200},{"@type":"BreadcrumbList","@id":"https:\/\/nexusmartec.com\/index.php\/contacto\/#breadcrumb","itemListElement":[{"@type":"ListItem","position":1,"name":"Portada","item":"https:\/\/nexusmartec.com\/"},{"@type":"ListItem","position":2,"name":"Contacto"}]},{"@type":"WebSite","@id":"https:\/\/nexusmartec.com\/#website","url":"https:\/\/nexusmartec.com\/","name":"Nexus","description":"","potentialAction":[{"@type":"SearchAction","target":{"@type":"EntryPoint","urlTemplate":"https:\/\/nexusmartec.com\/?s={search_term_string}"},"query-input":{"@type":"PropertyValueSpecification","valueRequired":true,"valueName":"search_term_string"}}],"inLanguage":"es"}]}},"_links":{"self":[{"href":"https:\/\/nexusmartec.com\/index.php\/wp-json\/wp\/v2\/pages\/25","targetHints":{"allow":["GET"]}}],"collection":[{"href":"https:\/\/nexusmartec.com\/index.php\/wp-json\/wp\/v2\/pages"}],"about":[{"href":"https:\/\/nexusmartec.com\/index.php\/wp-json\/wp\/v2\/types\/page"}],"author":[{"embeddable":true,"href":"https:\/\/nexusmartec.com\/index.php\/wp-json\/wp\/v2\/users\/1"}],"replies":[{"embeddable":true,"href":"https:\/\/nexusmartec.com\/index.php\/wp-json\/wp\/v2\/comments?post=25"}],"version-history":[{"count":1,"href":"https:\/\/nexusmartec.com\/index.php\/wp-json\/wp\/v2\/pages\/25\/revisions"}],"predecessor-version":[{"id":31,"href":"https:\/\/nexusmartec.com\/index.php\/wp-json\/wp\/v2\/pages\/25\/revisions\/31"}],"wp:featuredmedia":[{"embeddable":true,"href":"https:\/\/nexusmartec.com\/index.php\/wp-json\/wp\/v2\/media\/20"}],"wp:attachment":[{"href":"https:\/\/nexusmartec.com\/index.php\/wp-json\/wp\/v2\/media?parent=25"}],"curies":[{"name":"wp","href":"https:\/\/api.w.org\/{rel}","templated":true}]}}